{"version":"1.0","type":"rich","provider_name":"Le V\u00e9nissian","provider_url":"https:\/\/levenissian.fr","title":"Rassemblement 30&nbsp;avril pour le droit au logement","author_name":"V\u00e9ronique Forestier","width":"480","height":"295","url":"https:\/\/www.levenissian.fr\/Rassemblement-30-avril-pour-le-droit-au-logement","html":"\u003Ch4 class='title'\u003E\u003Ca href='https:\/\/www.levenissian.fr\/Rassemblement-30-avril-pour-le-droit-au-logement'\u003ERassemblement 30&nbsp;avril pour le droit au logement\u003C\/a\u003E\u003C\/h4\u003E\u003Cblockquote class='spip'\u003E\n\u003Cp\u003ENON AUX EXPULSIONS LOCATIVES \n\nPOUR UNE POLITIQUE DE LOGEMENT DIGNE \n\nRASSEMBLEMENT LE 30&nbsp;AVRIL A 18 H 00 \n\nDevant la m\u00e9diath\u00e8que  \n\nrassemblement organis\u00e9 par&nbsp;: PCF V\u00e9nissieux, groupes des \u00e9lus &#171;&nbsp;Unir, R\u00e9sister, Agir Ensemble pour V\u00e9nissieux&nbsp;&#187; avec Mich\u00e8le Picard, CGT, CNL, LO \n\n 2025&nbsp;: une hausse exponentielle des expulsions locatives avec mobilisation de la Police, 30 500 expulsions soit pr\u00e8s de 60 000 locataires si on prend une moyenne de 2 locataires par logement. C\u2019est l\u2019\u00e9quivalent de&nbsp;(\u2026)\u003C\/p\u003E\n\u003C\/blockquote\u003E\n"}

Le Vénissian

Véronique Forestier

<h4 class='title'><a href='https://www.levenissian.fr/Rassemblement-30-avril-pour-le-droit-au-logement'>Rassemblement 30&nbsp;avril pour le droit au logement</a></h4><blockquote class='spip'>
<p>NON AUX EXPULSIONS LOCATIVES 

POUR UNE POLITIQUE DE LOGEMENT DIGNE 

RASSEMBLEMENT LE 30&nbsp;AVRIL A 18 H 00 

Devant la médiathèque  

rassemblement organisé par&nbsp;: PCF Vénissieux, groupes des élus &#171;&nbsp;Unir, Résister, Agir Ensemble pour Vénissieux&nbsp;&#187; avec Michèle Picard, CGT, CNL, LO 

 2025&nbsp;: une hausse exponentielle des expulsions locatives avec mobilisation de la Police, 30 500 expulsions soit près de 60 000 locataires si on prend une moyenne de 2 locataires par logement. C’est l’équivalent de&nbsp;(…)</p>
</blockquote>
