{"version":"1.0","type":"rich","provider_name":"Le V\u00e9nissian","provider_url":"https:\/\/levenissian.fr","title":"La Lib\u00e9ration de V\u00e9nissieux&nbsp;: un combat toujours actuel","author_name":"pamillet","width":"480","height":"295","url":"https:\/\/www.levenissian.fr\/La-Liberation-de-Venissieux-un-combat-toujours-actuel","html":"\u003Ch4 class='title'\u003E\u003Ca href='https:\/\/www.levenissian.fr\/La-Liberation-de-Venissieux-un-combat-toujours-actuel'\u003ELa Lib\u00e9ration de V\u00e9nissieux&nbsp;: un combat toujours actuel\u003C\/a\u003E\u003C\/h4\u003E\u003Cblockquote class='spip'\u003E\n\u003Cp\u003EComme chaque ann\u00e9e, les communistes de V\u00e9nissieux seront pr\u00e9sents au parc Dupic, drapeau historique d\u00e9ploy\u00e9, pour comm\u00e9morer la Lib\u00e9ration. Mich\u00e8le Picard, reprenant les mots de Lucie Aubrac, rappelait avec justesse&nbsp;: &#171;&nbsp;La lib\u00e9ration ne se conjugue pas au pass\u00e9, mais au pr\u00e9sent.&nbsp;&#187; \n\nLes vers d\u2019Aragon r\u00e9sonnent avec une actualit\u00e9 frappante&nbsp;: &#171;&nbsp;C\u2019\u00e9tait un temps d\u00e9raisonnable \/ On avait mis les morts \u00e0 table \/ On faisait des ch\u00e2teaux de sable \/ On prenait les loups pour des chiens.&nbsp;&#187;&nbsp;(\u2026)\u003C\/p\u003E\n\u003C\/blockquote\u003E\n"}

Le Vénissian

La Libération de Vénissieux&nbsp;: un combat toujours actuel

<h4 class='title'><a href='https://www.levenissian.fr/La-Liberation-de-Venissieux-un-combat-toujours-actuel'>La Libération de Vénissieux&nbsp;: un combat toujours actuel</a></h4><blockquote class='spip'>
<p>Comme chaque année, les communistes de Vénissieux seront présents au parc Dupic, drapeau historique déployé, pour commémorer la Libération. Michèle Picard, reprenant les mots de Lucie Aubrac, rappelait avec justesse&nbsp;: &#171;&nbsp;La libération ne se conjugue pas au passé, mais au présent.&nbsp;&#187; 

Les vers d’Aragon résonnent avec une actualité frappante&nbsp;: &#171;&nbsp;C’était un temps déraisonnable / On avait mis les morts à table / On faisait des châteaux de sable / On prenait les loups pour des chiens.&nbsp;&#187;&nbsp;(…)</p>
</blockquote>
